uppose 2*t - 104 = -2*f, t - 6*t + 3*f + 228 = 0. Let w = -33 - -15. What are the prime factors of 9/w*t/(-2)?
2, 3
Let t be -6 - ((-6)/(-3) - 3). Let x be 161/t - (-1)/5. Let o = 66 + x. What are the prime factors of o?
2, 17
Suppose r + 403 = y - 79, 0 = 3*y - 5*r - 1454. List the prime factors of y.
2, 239
Let s = 52 - 50. Suppose -2*p = -4*p + 16. Suppose 2*z + p = -3*f, -3 + 5 = 5*z + s*f. What are the prime factors of z?
2
Let o = -1381 + 1519. What are the prime factors of o?
2, 3, 23
Suppose -m - 5*n + 106 = 0, -3*m = -2*m - 3*n - 106. Suppose 5*t - 24 = m. What are the prime factors of t?
2, 13
Let x be 16/(-10) - (-22)/(-55). Let k be ((-4)/4)/((-1)/x). What are the prime factors of (7/k)/(4/(-8))?
7
Let f = 80 - 10. What are the prime factors of f?
2, 5, 7
Suppose -18*z + 2266 = -7*z. What are the prime factors of z?
2, 103
Suppose 3416 + 3022 = 29*z. List the prime factors of z.
2, 3, 37
Suppose 0 = -4*l + a + 32, -2*a + 62 = 4*l + 18. Suppose 4*t + 5*d - 25 = 0, -2*t + l = -d - 0*d. Suppose -94 = 3*i - t*i. List the prime factors of i.
47
Suppose 0 - 9 = -3*i. Suppose -2*a + 2 = 2*c, -4*c + i = 2*a - 9. Suppose 0 = c*w + 3*p - 208, 5*p = 2*w + w - 118. What are the prime factors of w?
41
Suppose -2344 = -4*v + 80. List the prime factors of v.
2, 3, 101
Let n = 52 + -3. Let i = n + -90. Let p = 73 + i. List the prime factors of p.
2
Suppose -9*a + 340 = a. List the prime factors of a.
2, 17
Let c(o) be the first derivative of 23*o**2/2 + 3*o - 8. List the prime factors of c(2).
7
Let a(y) = 285*y - 283. List the prime factors of a(11).
2, 23, 31
Suppose -2*q - p + 4*p = -18, -52 = -5*q + 4*p. Suppose -2*z - q = -2, 2*z = 3*t - 613. List the prime factors of t.
3, 67
Suppose -56*h = -46*h - 750. List the prime factors of h.
3, 5
Let a = 4 + -2. Let q(l) = l**3 - 6*l**2 + 7*l - 6. Let v be q(5). Suppose -a*i - 2*p = -40, v*i + 4*p = i + 63. What are the prime factors of i?
17
List the prime factors of 11974/30 + 2/(-15).
3, 7, 19
Let x(p) = 111*p**2 - 3*p + 1. Let l be x(1). Let f = l - 44. List the prime factors of f.
5, 13
Suppose a + 4*a + 9095 = 0. Let j = a + 4018. What are the prime factors of j/45 - 2/(-15)?
7
Let d(s) = 11*s + 17. Let c be d(-4). What are the prime factors of (-4)/6 + (-3825)/c?
3, 47
Suppose -3*i - 4*r - 12 = 0, r = -4*i - 2 - 14. List the prime factors of (-8)/i + 1 + 317.
2, 5
Let z(r) = r**3 - 10*r**2 + 10*r - 5. Let b be z(9). Let f(n) = 7*n**2 + 0*n + 6*n - 1 - b*n. List the prime factors of f(-2).
23
Let q = -1 - -1. Suppose q = 8*m - 3*m + 70. What are the prime factors of (-4)/m - 264/(-56)?
5
Let i(z) = 6*z + 237. Let u be i(-14). Let d(c) = -20*c**3 + c**2. Let y be d(1). List the prime factors of y/76 + u/4.
2, 19
Suppose 27*y - 57915 = 12*y. What are the prime factors of y?
3, 11, 13
Let w = -31 + 110. Let p = 105 + w. List the prime factors of p.
2, 23
Let h(o) = 4*o**2 - 58*o + 152. What are the prime factors of h(24)?
2, 7, 19
Suppose 29*j = 40*j - 5577. What are the prime factors of j?
3, 13
Let k = 6 - 7. What are the prime factors of 3/((-336)/(-327) + k)?
109
Let f = 294 - 517. Let v = 441 + f. What are the prime factors of v?
2, 109
Suppose 2*i - 1486 = 98*x - 99*x, -5*i + 3721 = x. List the prime factors of i.
5, 149
Suppose 0*o = -2*o - 3*k + 1188, 4*o - 2358 = 3*k. List the prime factors of o.
3, 197
Suppose 42 = -4*y - 2*w - 192, -3*y - 203 = -4*w. Let s = y - -93. List the prime factors of s.
2
Let l(o) = 32*o**2 + 4*o + 3. What are the prime factors of l(4)?
3, 59
Let d be (4/(-5))/(6/(-15)). Suppose -5*x = -s - 5 - d, 3*x + 3*s = 15. Suppose 0 = -4*i + k + 3*k + 40, -x*k - 34 = -3*i. List the prime factors of i.
2, 7
Let d(q) = -q - 3. Suppose 5*c - 9 = 6*c. Let j be d(c). What are the prime factors of 1 - j - -2 - -6?
3
Let b(p) = 385*p - 69. What are the prime factors of b(1)?
2, 79
Let v(w) = 2*w**2 - 7*w - 5. Let a be v(4). What are the prime factors of (-7)/(7/(-74)) - (2 - a)?
71
Suppose -10*b = -35*b + 24400. List the prime factors of b.
2, 61
Let g be (2 + 6/(-15))/((-4)/(-90)). Let z = -13 - -5. Let x = z + g. What are the prime factors of x?
2, 7
Suppose 0 = -3*c - 0*c. Suppose 2*b - 700 = -3*b - 3*k, c = 4*b + 2*k - 560. List the prime factors of b.
2, 5, 7
What are the prime factors of 16/56 + 2546/7 - -1?
5, 73
Let r(g) = -5*g**2 + 0*g + 8 + g**3 - 10*g + 0*g + g. Let l be r(8). Let d = l - 55. What are the prime factors of d?
73
Let y = 184 + -53. Suppose 0 = w + 5, -5*j + 4*w + 451 = y. Suppose -2*q - 2*q + j = 0. List the prime factors of q.
3, 5
Let y(f) = -11*f**3 - 7*f**2 - 4. What are the prime factors of y(-5)?
2, 13, 23
Let y be (-4)/18 + (-87)/(-27). Let z(a) = -4*a - 5*a**2 + 20*a**2 + 1 - 6*a**2 - 3*a**2. What are the prime factors of z(y)?
43
Suppose -3*p + 77 + 10 = 0. Suppose 25 = 5*x, x = -4*j + 6*x - p. List the prime factors of (0 - 26 - 3)/j.
29
Let n(u) = u**3 - 1. Let x be n(0). Let t be (-8 - -8)/((-1)/x). Suppose t = 5*l - p - 90, -2*p = -2*l + 9 + 19. What are the prime factors of l?
19
Let x(k) = -2*k**3 - 42*k**2 - 29*k + 11. What are the prime factors of x(-21)?
2, 5, 31
Let o(m) = -m - 3. Let t be o(3). Suppose 8*b - 4*b - 208 = 0. Let w = t + b. What are the prime factors of w?
2, 23
Suppose 4 = -2*k + 6*k. Suppose 13 - k = 6*a. Suppose -201 = -5*o + a*j, -j - 97 = 5*o - 304. What are the prime factors of o?
41
Let v = 151 + 40. What are the prime factors of v?
191
Suppose 6*h + 15 = 3*h. Let r = 20 - -8. Let o = h + r. List the prime factors of o.
23
Let b = -6 - -9. Let x be 3/b*1*-2. List the prime factors of 21/(-2)*x/3.
7
Suppose 8*w = 5*w + 4*m + 13423, -2*w + 8972 = 2*m. What are the prime factors of w?
4481
Suppose 30*d = 126235 - 2125. What are the prime factors of d?
3, 7, 197
Let j = -3 - -23. Let a = j + -20. Suppose a = -24*g + 22*g + 14. List the prime factors of g.
7
Let s(y) be the third derivative of 7*y**4/6 + y**3 + 17*y**2. List the prime factors of s(6).
2, 3, 29
Let p(m) = m**2 - m. Let w(h) = -h**3 + h**2 + 9*h - 2. Let i(l) = 5*p(l) + w(l). List the prime factors of i(5).
43
What are the prime factors of (48/(-60))/(8/(-1100))?
2, 5, 11
Suppose -2834 = -5*h + 4*f, -4*h - 4*f + 586 = -3*h. What are the prime factors of h?
2, 3, 5, 19
Let r be (-2)/(-6) - (-7)/((-63)/(-6)). What are the prime factors of (1 + r)*(-213)/(-18)*3?
71
Let d(n) = 21*n**2 - 10*n - 21. List the prime factors of d(6).
3, 5
Suppose -30 = -5*l - 3*q, -24 = -4*l + 3*q - q. Suppose -4 = t - l. Suppose -106 = t*f - 4*f. What are the prime factors of f?
53
Let r(y) = -2*y + 4. Let w be r(2). Suppose 3*n = -v + 57, w = v + 2*v + n - 131. Suppose -d + 3*o = -v, -3*o = 2*d - 47 - 1. List the prime factors of d.
2, 3, 5
List the prime factors of (9252/(-30))/((-8)/40).
2, 3, 257
Let i(k) = -k + 9. Let f be i(-6). What are the prime factors of 2/f + 1876/105?
2, 3
Suppose -4*o + 3103 = n, -16*o - 3881 = -21*o - 2*n. List the prime factors of o.
5, 31
Let g(q) be the third derivative of 7*q**5/6 - q**4/24 - 22*q**2. What are the prime factors of g(-1)?
71
Let o = 3413 - 1635. What are the prime factors of o?
2, 7, 127
Let o(s) = -3*s**2 + 13*s - 2. Let p(h) = -2*h**2 + 12*h - 2. Let i(q) = -5*o(q) + 6*p(q). Suppose 49*c = 50*c + 6. What are the prime factors of i(c)?
2
Let t be -2 - (3*2 - 1). Let h(d) = 11*d**3 - 2*d**2 - 11. Let y(g) = 9*g**3 + g - 10. Let i(s) = -4*h(s) + 5*y(s). List the prime factors of i(t).
2
Let t be 2*(-2)/6*-3. Suppose s + 7 = -t*q, 2*s + 0*q = 2*q + 16. Suppose 2*v = -3*g + 47, -3*g - 4*v + 49 = -s*v. What are the prime factors of g?
17
Let v = 57 - -4. Let u = 145 + v. List the prime factors of u.
2, 103
Suppose 4*c + 422 + 32 = 2*w, 5*w + 5*c = 1135. List the prime factors of w.
227
Suppose -p - 2*p - 146 = -y, -2*y + 307 = -3*p. Suppose 4*c = -2*a + y + 245, 0 = 3*a + 3. List the prime factors of c.
2, 3, 17
Suppose 4*h + 3*n - 1337 = 0, -3*n + 732 = 2*h + 59. What are the prime factors of h?
2, 83
Suppose -u = -4*n + 34, 0 = n + 8 - 4. What are the prime factors of (-8)/(u/(-15) - 4)?
2, 3
Suppose -78 = -2*f + 14. Let m be (-1 + 0)*2 - -79. Let p = m - f. List the prime factors of p.
31
Suppose 1279 = 5*c - 171. Let z = c + -100. List the prime factors of z.
2, 5, 19
Suppose 10 = 2*b + 3*b. Suppose -b*k - 16 = -2*z, 0*k